ose k*z - 450 = -0*z. What is the units digit of z?
0
Let q = -18 + 40. Suppose -5*w = -4*z + 79, 3*w + q = 4*z - 59. What is the units digit of z?
1
Let f be 1*(3 - 6/2). Suppose 0 = -5*v + 5, f*v + 267 = 4*l + 3*v. What is the units digit of l?
6
Let w be -18*((-27)/6)/9. Suppose w*t - 4*t - 630 = 0. What is the tens digit of t?
2
Let s(l) = l**2 - 11*l + 24. Let z be s(8). Suppose z = -35*p + 31*p + 260. What is the units digit of p?
5
Suppose -164*t = -148*t - 29680. What is the hundreds digit of t?
8
Let n be 43 - 1/(-3)*0. Let i = 50 - n. What is the units digit of i?
7
Suppose 5*k - 4*d = -2*d + 2, 0 = -2*k + d. Suppose k*p = -23 + 35. What is the units digit of p?
6
Let o(f) be the second derivative of f**4/6 + f**3/6 - 7*f**2/2 + f. Let q be o(-7). Let r = 128 - q. What is the tens digit of r?
4
Let y(w) = w**3 + 16*w**2 - 5*w - 33. Let a be y(-16). Suppose 2*i + 2*m + 11 = a, 0 = -2*i - 4*m + 42. What is the units digit of i?
5
Let y(t) = t**3 + 5*t**2 + 5*t + 4. Let c be y(-4). Suppose -170 = -c*d - d. What is the hundreds digit of d?
1
Let l = 40 - 16. Suppose 4*s - l = -2*c - 2*c, s - 1 = 4*c. What is the units digit of c + (1 - -1) + -2?
1
Let z(u) = u - 26. Let d be z(6). Let v = d + 38. What is the units digit of v?
8
Suppose 0 = -2*i - x + 6, 0 = i - x + 3*x - 9. What is the hundreds digit of 1594/12 + (i - 5/6)?
1
Suppose -3*i = -s, -i = 3*s - 4*s. Suppose 3*l - j - 16 = s, -2*j - 11 - 15 = -5*l. Let c = l - 2. What is the units digit of c?
4
Suppose 2*m - m - 4*d = 222, 2*m - 4*d - 444 = 0. Suppose 0*y - m = -2*y. What is the hundreds digit of y?
1
Suppose 3*s - 80 = -3*w + 1564, -s + 4*w = -568. What is the hundreds digit of s?
5
What is the units digit of 0 + (4 - 0) - -519?
3
Suppose -3*o + 2932 + 1185 = -2*y, -4 = -y. What is the tens digit of o?
7
Let u = -8096 + 12764. What is the tens digit of u/108 - 4/18?
4
Suppose 0 = 5*m + 5*y + 545, -4*y - 77 - 250 = 3*m. Let a = -41 - m. Suppose 0 = -5*s + 3*s + a. What is the units digit of s?
4
Let d(z) = 29*z**2 - 3*z - 14. What is the thousands digit of d(8)?
1
Let k(a) = 3*a + 9. Let d be k(7). What is the units digit of (-20)/d + (-1)/((-6)/34)?
5
Let k(c) = c**2 - 20*c + 21. Let p be k(20). Suppose 26*f - p*f - 120 = 0. What is the tens digit of f?
2
Let w = 28 - 26. Suppose 4*k - g = 617, w*k = 2*g + 208 + 108. What is the hundreds digit of k?
1
Let z(m) be the first derivative of 23*m**2/2 - 2*m - 3. What is the units digit of z(2)?
4
Let z(x) = 5*x - 3. Let k be z(1). Suppose k*a - 25 - 69 = 0. Suppose 5*l - 138 = a. What is the tens digit of l?
3
Suppose -18*h + 20*h = 0. Suppose -4*i + 2*i + 50 = h. Suppose -i*v + 224 = -21*v. What is the tens digit of v?
5
Suppose -5*v - 2*l = -0*v - 96, 4*v - l - 69 = 0. Let q = 80 - v. What is the units digit of q?
2
Suppose 3 = 2*k + 3. Suppose 5*j - b - 5 = 4, 2*j + 3*b + 10 = 0. Let l = j - k. What is the units digit of l?
1
Let i(d) = -d**3 + 26*d**2 + 61*d - 69. What is the tens digit of i(28)?
7
Suppose -d = 3, 0*d = 4*z + 5*d - 1241. What is the hundreds digit of z?
3
Let l(p) = 47*p + 333. What is the tens digit of l(34)?
3
What is the hundreds digit of (-5 + -3)/(-4)*(10 + 1749)?
5
What is the tens digit of 4/42 + (-98776)/(-84)?
7
Let l = -310 + 464. What is the tens digit of l?
5
Let n(a) be the third derivative of -103*a**4/12 + 9*a**2. Let x be n(-1). Suppose -7*w + x = -109. What is the units digit of w?
5
Let m(u) = 5*u**2 + 30*u + 27. Let o(q) = -14*q**2 - 89*q - 80. Let g(d) = 11*m(d) + 4*o(d). What is the units digit of g(-12)?
5
Suppose 11047 = 5*d - g, -5*g + 6617 = 17*d - 14*d. What is the tens digit of d?
0
Let y(b) = 131*b**2 - 6*b + 1. Let n be y(1). Suppose -u + 1 + n = 0. What is the tens digit of u?
2
Let d = -4 - -7. Let z = 8 - d. Suppose z*n - 36 - 9 = 0. What is the units digit of n?
9
Suppose -5*h + 35 = -15. Suppose 4*u - 22 = h. Suppose -5*v - i - u = -29, 5*v = 5*i + 15. What is the units digit of v?
4
Suppose 0 = -6*v + v + i + 919, -2*v + 2*i = -366. What is the hundreds digit of v?
1
Suppose 80427 = -223*o + 240*o. What is the thousands digit of o?
4
Suppose -41*c + 105019 = -14537. What is the thousands digit of c?
2
Suppose -667 = -7*x + 138. Let m(j) = -j**3 - 65. Let d be m(0). Let y = d + x. What is the tens digit of y?
5
Let h = 808 - 339. What is the units digit of h?
9
Let y(i) = 7*i - 10 - 6*i - 2*i + 49. What is the units digit of y(-16)?
5
Let r(y) = 21*y + 15. Let n(t) = -5*t - 4. Let b(f) = 15*n(f) + 4*r(f). What is the tens digit of b(17)?
5
Let n = 345 - 170. What is the units digit of n?
5
Let j be 27/(-9)*-1*1. Let s(v) = v + j*v**2 - 2*v**2 + 4 + 0*v + 0*v**2. What is the units digit of s(4)?
4
Let o(k) = 83*k + 124. What is the units digit of o(6)?
2
Let q = 14 - 10. Suppose 5*z - p - 10 = p, -p = -q*z + 5. Let l = z + 12. What is the units digit of l?
2
Suppose 2*x = 4*x + 18. Let j(r) be the third derivative of r**6/120 + 2*r**5/15 - 11*r**4/24 + r**3/2 + 165*r**2. What is the tens digit of j(x)?
2
Suppose 23 = 6*n - 49. Let s(m) = 17*m - 39. What is the units digit of s(n)?
5
Suppose -2321 = -4*i - 5*u, 4*i - u = -0*u + 2291. What is the tens digit of i?
7
Suppose -5*k - z - 290 = 646, 3*k - 3*z + 558 = 0. Let y = 272 + k. What is the units digit of y?
5
Suppose -q = 2*p + 3*q - 42, -2*p + 24 = -5*q. What is the tens digit of p?
1
Suppose -2*r = 3*r + 60. What is the units digit of (r/(-18))/(-2) - (-242)/6?
0
Let z(o) = -o**3 + 2*o**2 + 35. Let v be z(0). Let y = 112 - v. What is the units digit of y?
7
Let n(x) = 5*x**2 - 6*x + 24. Let w be n(8). Suppose -5*s - 8*y + 4*y + 370 = 0, 4*s = -3*y + w. What is the units digit of s?
4
Suppose 4*h + 2*n = 856, -2*n + 2 = -6. Suppose -7*v + h = -215. What is the units digit of v?
1
Suppose -3*p = -o - 477, 4*o + 1963 = 4*p + 87. What is the units digit of (-24)/9*o/10?
4
Let m(r) = -r**3 - 7*r**2 + r + 9. Let o be m(-7). Let x(p) = 4*p**3 - 11*p**o - p**3 - 3 + 0*p - p - 4*p**3. What is the units digit of x(-11)?
8
Let h = -81 - -255. Suppose 0 = 10*g - 7*g - h. What is the units digit of g?
8
Let d(y) be the third derivative of -13*y**4/6 + 3*y**3/2 - 33*y**2. What is the tens digit of d(-3)?
6
What is the units digit of (3370/(-25))/((-3)/15)?
4
Let h = -12 - -17. What is the hundreds digit of 5/h + 6*20?
1
Let n(y) = 14*y + 3. Suppose 1 = -8*f + 9. What is the tens digit of n(f)?
1
Let u be (-152)/(-12) + 1/3. Let i = -9 + u. What is the tens digit of 10 - (i/(-1))/2?
1
Let c(u) = 2*u**3 + u**2 - 3*u + 2. Let p be c(2). Suppose 2*t - p + 6 = 0. Let d(f) = 3*f - 6. What is the units digit of d(t)?
9
What is the units digit of 3043/7 + 30/105?
5
Suppose -12917 = -43*b - 877. What is the tens digit of b?
8
Let q(y) = -y**3 - y**2. Let c(k) = -3*k**3 + 2*k**2 + 6*k - 6. Let s(w) = -c(w) - 2*q(w). Let v be s(3). Suppose 4*p - 129 = v. What is the tens digit of p?
6
What is the units digit of (-15168)/(-112) + (-72)/21 + 3?
5
Let o(a) = 202*a - 374. What is the units digit of o(8)?
2
Suppose -29 = 4*y + 67. Let s = 75 + y. What is the tens digit of s?
5
Suppose p = 4*o + 5, -3*p + 47 = -3*o - o. Let g be (-12)/(-10)*70/p. Suppose 41 + 103 = g*s. What is the units digit of s?
6
Suppose -3*x = 3*u - 12474, -5*x + 4500 = -3*u + 16950. What is the tens digit of u?
5
Let d(o) = 3*o + 62. Let n be d(-20). Suppose n*q - 315 = 3*c - 4*c, 3*c - 2*q - 905 = 0. What is the units digit of c?
5
Let b be (-344)/48 - (-1)/6. Let f = b + 45. What is the tens digit of f?
3
Suppose -i + 4*q = -3836, 3*i - 7*q - 11476 = -3*q. What is the thousands digit of i?
3
Let c(t) = 13*t + 9. Let n be (-90)/(-8) + 12/(-48). What is the units digit of c(n)?
2
Let r = 5259 - 2515. What is the tens digit of r?
4
Suppose 0 = 5*o - b - 23415 + 6478, 0 = -3*o - 3*b + 10173. What is the tens digit of o?
8
Let g = -1184 + 2293. What is the hundreds digit of g?
1
Let t(m) be the first derivative of 4 + 5*m**3 - 2*m - 1/2*m**2. What is the tens digit of t(-2)?
6
Let q = -4 - -6. Let b(s) = -2 - q*s**2 + 3*s - 1 + 4*s**2. What is the units digit of b(2)?
1
Let n = 2627 - 1507. What is the hundreds digit of n?
1
Let j(r) = r**2 - 4*r + 10. Let y be j(-6). Let v = y - -163. What is the units digit of v?
3
Let b(j) = -j**3 - 3*j**2 - 4*j - 2. Let f be (8/(-6))/((-2)/(-